pose -4*h + 6 = -4*p + 2, -h = -2*p + 1. Suppose -r = h*r + 20. Determine s(r).
-20
Let t(p) = 7*p - 5. Let b(x) = 28*x - 21. Let h(u) = 6*b(u) - 22*t(u). Let j(o) = -5*o + 5. Let f(v) = 6*h(v) + 17*j(v). What is f(-6)?
-5
Let p = -12 + 21. Suppose -4*r + p = 5. Let c(q) = 4*q**2 - q - 3*q**2 + 2 - 2 - q**3. Calculate c(r).
-1
Let z(r) = -r**2 - 11*r - 9. Let y(j) = -j**3 - 4*j**2 + 4*j + 5. Let c be y(-4). Let v be z(c). Let f(s) = s - 1. Determine f(v).
-10
Suppose -30*s = -6 + 6. Let c(x) = x**2 - x - 13. What is c(s)?
-13
Let d(o) = o**3 + 3*o**2 - 4*o + 1. Suppose 0*u = 3*u - 9. Let j = u + -1. Suppose 5*i - 7*t = -j*t, 5*t = -2*i - 28. Calculate d(i).
1
Let m(x) be the third derivative of x**6/120 + x**5/15 - x**4/6 - x**3/6 - 162*x**2. Give m(-4).
15
Let j(u) be the third derivative of -19*u**6/120 + u**5/60 + u**4/24 + u**2 + 4*u. What is j(-1)?
19
Suppose 13*z - 310 = 8*z. Let p(o) = o - 2*o + z*o**2 - 71*o**2. Calculate p(1).
-10
Let a be ((-9)/(-6))/((-12)/16). Let g be (a*5)/(7 + -10 - -5). Let q(w) = w**3 + 5*w**2 + w - 3. Give q(g).
-8
Let l(p) = -p**3 + 141*p**2 - 40*p**2 - 38*p**2 - 36*p**2 + 8*p - 5 - 35*p**2. Calculate l(-9).
4
Let x(c) = 2*c - 2. Let v = -4 - -4. Suppose -2*t + 12 + 0 = v. Calculate x(t).
10
Let l(p) = 6*p + 3. Let t(c) = -23*c - 13. Let o(w) = -9*l(w) - 2*t(w). What is o(-2)?
15
Let y(f) = f**3 - 4*f**2 + 3*f. Let x = 351 + -347. Determine y(x).
12
Suppose -4*y - 4 = -0. Let d(n) = -2*n - 5. Let b(q) = q - 1. Let f(p) = y*d(p) + 3*b(p). Give f(2).
12
Suppose -12*c - 11*c = 138. Let v = 5 - 1. Let w(h) = -4 - h - 1 + v + 0. Give w(c).
5
Let l(m) = m**2 - 33. Let g be l(-5). Let a(h) = 2*h + 11. What is a(g)?
-5
Let w(f) = -5 + 3 - f**3 - f**2 - 4 + 0*f**3. Let r(t) = t + 1. Let n(k) = k + 15. Let o(q) = n(q) - 2*r(q). Let x be o(13). Calculate w(x).
-6
Let o be (0 + (-3)/(-6))*0. Let f(n) = 5*n + 18. Let t(k) = -k - 3. Let z(w) = f(w) + 6*t(w). Calculate z(o).
0
Suppose -j = -5*p - 4*j - 50, -3*j = 15. Let u(c) = 4*c. Determine u(p).
-28
Let f(r) = -r - 3. Suppose -5*u - w + 54 = 0, -3*w - 60 = -5*u + 2*w. Suppose 0 = -3*n - 2*c + u, 10 = 3*n + c - 6. Suppose -6*q = -n*q - 4. What is f(q)?
1
Let f(j) be the first derivative of j**3/3 - 2*j**2 + 3*j + 33. What is f(6)?
15
Let s(r) = -2*r**2 - 3*r + 5. Let n(o) = -3*o**2 - 8*o + 10. Let h(q) = 8*q + 31. Let b be h(-3). Let u(c) = b*s(c) - 4*n(c). Determine u(7).
-26
Let p(q) = -4*q - 7. Suppose -4*w - 4 = 5*l, w = 5*l + 12 - 38. Determine p(w).
17
Let y(o) be the second derivative of 1/12*o**4 - 5*o + 1/3*o**3 + 0 - 1/2*o**2. What is y(-3)?
2
Let n be (3/2)/(6/20). Let j(c) = c + 6. Let l(s) = -s + 3. Let v be l(6). Let b(y) = 2*y + 6. Let p(o) = v*b(o) + 4*j(o). Determine p(n).
-4
Let p(g) = -g**2 + 6*g + 4. Let r = -33 + 28. Suppose 3 = -i + 5*h, 5*h - 42 = -i - 15. Let x = r + i. Calculate p(x).
-3
Let t(k) = k**3 - 4*k**2 + 4*k - 6. Suppose 257*d - 45 = 242*d. Calculate t(d).
-3
Let y = 12415 - 12408. Let c(i) = -2*i**2 - i - 12. Let l(k) = -5*k**2 - 4*k - 35. Let p(d) = -8*c(d) + 3*l(d). Determine p(y).
12
Let z(n) = n**2 - n - 6. Let l(i) = -i. Let h(k) = -12*k + 14. Let c(j) = -h(j) + 10*l(j). Let f = 13 + -6. Let y be c(f). Give z(y).
-6
Let g(y) = -y**2 - y + 5. Suppose 5*s - 15 - 5 = -f, 4*s - 7 = f. Suppose 0 = -0*w + 3*w + 5*c + 5, w - f*c - 5 = 0. Give g(w).
5
Let h(o) = o**2 + 4*o - 3. Let c be -2 - -2 - -1 - -3. Let q(m) be the first derivative of -m**3/3 + 2*m**2 - 4*m + 4. Let a be q(c). Determine h(a).
-3
Let p(d) be the third derivative of -d**4/24 - d**3/6 + 157*d**2. What is p(-2)?
1
Let g(q) = q + 8. Let m(x) = -x - 7. Let n(h) = 6*g(h) + 5*m(h). Give n(-11).
2
Let i(s) = s - 1. Let t(a) = -a**2 - 4*a - 3. Let q(d) = -3*i(d) + t(d). Determine q(-6).
6
Let i be -5*4/(-40)*2. Let z(p) = 5*p - 2 - p + 2*p + i. Determine z(1).
5
Let q(n) = -5*n. Suppose -30*x + 18 = -24*x. Suppose x*k = 2*o - 7, 4 + 16 = 5*k + 3*o. Determine q(k).
-5
Let i(q) be the first derivative of q**4/4 - q**2/2 - 7*q + 13. Let u(o) be the first derivative of i(o). What is u(-1)?
2
Let x = -24 - -32. Let m(a) = a**2 + x + 8 - 10 + 7*a. Calculate m(-7).
6
Let t(w) = w**3 - 6*w**2 + w - 3. Let b(y) be the third derivative of -y**4/24 + 4*y**3/3 - 11*y**2. Let u be b(2). What is t(u)?
3
Let v(d) = -3*d**2 + 2*d - 1. Let o(r) = -r**2 + 6*r - 2. Let i be o(5). Let c = -2 + i. Let z be v(c). Let t(w) = 4*w**2 + w - 1. Calculate t(z).
13
Let v(l) = -5*l**3 + l**2 + l + 1. Let r be (14 - 0)*1/1. Let g = r + -15. Determine v(g).
6
Let g(s) be the second derivative of -s**3/6 + 7*s**2/2 - 3*s - 9. Give g(7).
0
Suppose -21*t + 694 = 379. Let x(n) = n**3 - 15*n**2 + n + 4. Give x(t).
19
Let k(i) = i. Let d(n) = -2*n**2 + 2*n - 1. Suppose -2*p = -6*p + 16, -3*z + p - 7 = 0. Let c be d(z). Determine k(c).
-5
Let s(b) be the second derivative of b**5/20 + 5*b**4/12 - 7*b**3/6 + 3*b**2 + 130*b. What is s(-6)?
12
Let p = 52 - 49. Let d(r) = 4 - p - 2 - r. Determine d(-6).
5
Let z(a) = -2*a**2 + 3*a + 4. Suppose -438 = -3*p - 447. What is z(p)?
-23
Let s(d) = 2*d**2 + 5*d + 4. Let f be (-2 + (-14)/(-5))*-5. Let r be (5 - 0)*6/15. Let w be -2*f/(-8) - r. Calculate s(w).
7
Let y(v) = 19*v - 1. Let o = -88 - -89. Give y(o).
18
Let q(j) be the second derivative of 0 + 29*j - 1/20*j**5 + 1/6*j**4 + j**2 - 2/3*j**3. Determine q(2).
-6
Let a(l) = -l**3 + 2*l**2 - 1. Let k be ((-1)/(-2))/(-3 - (-20)/8). Give a(k).
2
Let x(u) = -2*u - 14. Let f be (-24 - -20)*20/8. Give x(f).
6
Let g(u) be the third derivative of u**5/60 - 5*u**4/24 + u**3/6 - u**2. Suppose 14 = 3*j + 2*j + 2*w, 4*j - 4 = -4*w. Give g(j).
-3
Suppose s - 4*f + 23 - 155 = 0, 4*s = 4*f + 468. Suppose -2*w = -4*x - 6*w + s, -5*x + 149 = -4*w. Let d(q) = q - x + q**2 + 29. What is d(-3)?
6
Let c(g) = -5*g**3 + 5*g**2 - 8*g + 5. Let v(r) = 2*r**3 - 2*r**2 + 3*r - 2. Let n(f) = -3*c(f) - 8*v(f). Determine n(2).
-3
Let n(o) be the second derivative of -3*o**3/2 - o**2/2 - o. Let c(f) = -19*f - 3. Let z(w) = -2*c(w) + 5*n(w). Suppose -14*k + 24*k = 20. Give z(k).
-13
Let k = -4 - -4. Let w be (18 - k)*(-16)/24. Let i = w - -17. Let s(x) = x - 3. Calculate s(i).
2
Let n be 117/(-65)*10/(-3). Let y be 1 + n*4/(-6). Let m(t) = -4*t + 2. Let s(f) = -4*f + 3. Let v(w) = y*m(w) + 2*s(w). Give v(2).
8
Let d(y) = 7*y**2 - 4*y + 3. Let h(f) = -7*f**2 + f**2 + 9*f - 7 - 8*f**2. Suppose 12 = w + w - p, 5*p - 31 = -3*w. Let j(k) = w*d(k) + 3*h(k). Determine j(-1).
8
Let h(y) = 2*y**3 - 14*y**2 + 17*y - 13. Let u be h(6). Let g(t) = -t + u + 8 - 29. Calculate g(0).
-4
Let t(w) = -41*w**3 - w**2 - 2*w - 1. Let d be t(-1). Let r(b) = 12 + 7 + 15 + b**2 + b - d. Calculate r(0).
-7
Let x(r) = -2*r + 33. Let o be x(12). Let h(k) = -3 + o*k - 2*k - 4*k - 5*k. Calculate h(6).
-15
Let w(u) = -u**2 - 5*u - 14. Let t(c) = 6*c - 7*c + 2*c + 1. Let s(h) = 5*t(h) + w(h). Calculate s(0).
-9
Let a(d) = 6*d**3 + 121 - 122 + d**3. Let z be (-1)/((-3 - -1)/2). Calculate a(z).
6
Let l(o) = -3*o - 1. Suppose -5*n = 4*c + 9, 2 = n - 3*c - 0. Calculate l(n).
2
Let b(z) = z + 3*z + 4 - 2*z. Suppose 11*m = -0*m + 407. Let y be (5/4)/(m/(-148)). Calculate b(y).
-6
Let o(q) = 2*q + 1. Let u be o(2). Let m(r) = -5 + 3 + 140*r - 136*r - 2 - 3. Determine m(u).
13
Let g(p) = -4*p**2 - 3*p. Let l be 10/45*-6*3. Let s be ((-6)/6)/((-2)/l). Determine g(s).
-10
Let v(c) = -c**2 + 8*c - 5. Let s(o) = 20*o + 4. Let r be s(-2). Let n = r - -44. Determine v(n).
-5
Let q(d) be the third derivative of 0*d - 1/6*d**3 + 1/24*d**4 + 0 + 4*d**2. Calculate q(3).
2
Let c(y) = -157*y + 66*y - 11 + 23*y**2 - y**3 + 67*y + 56. Give c(22).
1
Let z = -1 - 0. Let p(t) be the third derivative of 11*t**6/60 - t**5/30 + t**3/6 - 3899*t**2. Give p(z).
-23
Let s(v) = -v - 7. Let q = 238 - 245. Determine s(q).
0
Let a(q) = q**3 + 3*q**2 + 2*q + 2. Suppose 2*i + 4*x - 22 = 0, -3*i - 2*x + 3*x + 5 = 0. Suppose 0 = 5*d + i*t - 2*t + 18, 0 = -d + 3*t + 6. Determine a(d).
-4
Let b(p) = p**3 + 5*p**2 + 2*p - 1. Let r = 2 - 29. Let a = r + 22. What is b(a)?
-11
Let c(h) be the first derivative of 11 - 1/4*h**4 - 2*h**3 + 1/2*h**2 + 5*h. What is c(-6)?
-1
Let f(g) = 2*g**2 + 4*g + 4. Let m be f(-3). Suppose m*l = 5*l + 5. Let i(o) = -6*o**3 + 2*o**2 - 1. What is i(l)?
-5
Let u(v) = -9*v**2 + 7 + 10*v - 8 + 54*v